divisor of n and z.
45
Let j(x) = 30*x + 43. Let w be j(3). Calculate the greatest common divisor of 19 and w.
19
Let i = 1632 - 240. What is the highest common divisor of 87 and i?
87
Let h be 1/(-1*(-2)/(-838)). Let o = -179 - h. Suppose 4*w = o + 40. Calculate the greatest common factor of 28 and w.
14
Suppose -7*p + 11*p - 16 = 0. Let t(g) = -9*g - 3. Let j be t(-3). What is the highest common divisor of p and j?
4
Let d = -147 - -330. Let l = d - 108. What is the greatest common factor of 30 and l?
15
Let a = -39 + 69. Let g(r) = -r**2 - 12*r - 15. Let p be g(-9). Calculate the highest common factor of a and p.
6
Let o(i) = 7*i**2 - 3*i + 1. Let g be o(2). Let z = -142 + 257. What is the highest common divisor of z and g?
23
Suppose -5*m = 2*z - z - 8, z - 35 = 4*m. Calculate the greatest common divisor of z and 575.
23
Let f(g) = -g**3 + g**2 - 94*g + 135. Let v be f(0). Let b(u) = -u - 6. Let c be b(-5). Let x = 14 - c. Calculate the greatest common factor of v and x.
15
Let h be 2 + -8 - (2 + (5 - 30)). What is the greatest common factor of 2 and h?
1
Let c(p) = p**2 - 19*p + 38. Let v be c(17). Suppose -v*z + 301 = d, z + 0*d - 99 = -5*d. What is the greatest common divisor of 185 and z?
37
Suppose 2*a + i = 13, -4*i = -2*a + 6 + 2. Suppose 14*h + 108 = 276. What is the greatest common divisor of a and h?
6
Let z(l) = 3*l - 1. Let a be z(3). Suppose 5*f - 45 = 8*f. Let w be 0/(-2) - (-71 - f). Calculate the greatest common factor of w and a.
8
Suppose -5*o + 4*o - 4 = 0. Let r be -9*(o/6)/2. Suppose 0 = -d + r. What is the highest common divisor of 21 and d?
3
Suppose 637 = 5*a + 4*i, 610 = 4*a - i + 113. Calculate the greatest common factor of a and 100.
25
Suppose -5*g + 53 + 8 = 2*a, 3*g + 168 = 5*a. Let u be 10393/9 + (-10)/(-45). Suppose 7*n - 2*n - u = 0. What is the greatest common divisor of a and n?
33
Suppose 4*v = m + 7, 2*m - 2*v + 21 = 5*m. Suppose m*b - 56 - 199 = 0. Calculate the highest common factor of 34 and b.
17
Suppose 12*b - 11*b = 32. Let n = -16 + b. Calculate the highest common factor of n and 128.
16
Let s be (10/(-4))/(3/(-30)). What is the highest common divisor of 1 and s?
1
Let o be ((-126)/3)/1*(-6)/12. Calculate the greatest common divisor of 2751 and o.
21
Suppose 22*y - 28*y = -210. Calculate the greatest common divisor of y and 595.
35
Suppose -11 = -5*t + 59. Let v(q) = q**2 - 12*q - 15. Let w be v(t). Let h be w + (-2 - -6)/(-4). Calculate the greatest common divisor of 96 and h.
12
Let m(v) = 53*v. Let y be m(-1). Suppose 0 = j - 4*x - 87, -2*x = 10 - 6. Let s = j - y. Calculate the highest common divisor of 33 and s.
33
Let g = -25 - -27. Let s be (-60)/25 - g/(-5). Let p be (-29)/(s + 1) - 3. What is the greatest common factor of p and 65?
13
Let r be (-63 + -7)/7 + 17. What is the highest common divisor of r and 1015?
7
Let s be (-46)/69*(-498)/(-4). Let l = s + 145. What is the greatest common divisor of 31 and l?
31
Let o be 4 - (-8)/6*(-96)/(-16). What is the highest common divisor of 36 and o?
12
Let t = 12 + 48. Let a = 54 + -44. What is the greatest common factor of a and t?
10
Let m = -618 + 915. What is the greatest common divisor of m and 66?
33
Let n be 20/50*(719 + 1). Calculate the greatest common factor of 18 and n.
18
Let f = 11 + 43. Suppose 18 = 2*h - f. What is the greatest common divisor of h and 4?
4
Let g be (-1083)/(-6) - 1/2. Let x be (-11)/(-4) - 12/16. Suppose -x*m - 3*m = -100. What is the highest common divisor of g and m?
20
Suppose -3*x - 12 = 3*b, 10*x + 8 = 5*x - 2*b. Let q(h) = h**2 - h + 3. Let u be q(x). Calculate the highest common divisor of u and 3.
3
Let v = -55 + 59. Suppose -v*o + 60 = -2*o. What is the highest common factor of 60 and o?
30
Suppose 5*r - 414 = -2*h, 36 + 56 = r + 5*h. What is the highest common factor of 328 and r?
82
Let r(z) = -z + 8. Let y be r(-6). Suppose 0*u - y = -3*g - u, 0 = -5*g - 5*u + 10. What is the greatest common factor of 54 and g?
6
Let j be (-22)/((-19)/30 - 17/(-34)). Let y be (1*-1)/((-15)/225). What is the highest common factor of y and j?
15
Let s = 39 - 33. Let o(v) = -4*v**3 + v - 4*v + 4*v**3 + s*v**3 + 1. Let w be o(3). Calculate the greatest common factor of w and 22.
22
Let z be (-16)/(-8 - -4) - -3. Let x(j) = -j**3 + 7*j**2 - j + 7. Let c be x(z). Let g be 3/(6/112) - c. Calculate the highest common divisor of g and 7.
7
Let v = 31 - 44. Let w = -20 - -42. Let z = v + w. Calculate the greatest common divisor of z and 9.
9
Let f(b) = -33*b**3 - 2*b**2 - 4. Let x be f(-2). Calculate the greatest common factor of x and 18.
18
Let t = -917 + 1049. Calculate the greatest common divisor of 204 and t.
12
Let b(h) = -41*h - 8. Let g(w) = -21*w - 4. Let v(f) = -2*b(f) + 5*g(f). Let j be v(-2). What is the highest common factor of 63 and j?
21
Let q be (-8)/12*6 + 6/1. Suppose -5*a - 4*u = -581, 0 = -a + q*u - 7*u + 112. Calculate the greatest common divisor of a and 78.
39
Suppose -89*w + 6636 = 5*r - 86*w, 5*r - 5*w - 6620 = 0. Calculate the highest common factor of r and 78.
78
Let p be 6/1 + 4 + -2. Let j(l) = 10*l - 452. Let i be j(46). Calculate the greatest common divisor of p and i.
8
Let p be ((-7)/7)/(2/(-4)). Suppose -3*i = -l + 11, p*i - 21 = -0*l - 5*l. Suppose -l*b + 21 = -2*b. What is the greatest common factor of b and 56?
7
Let d(p) = -p - 6. Let a be d(-13). Suppose -18 = -x - 3*c + a*c, -4*x - 2*c + 18 = 0. Calculate the greatest common factor of x and 48.
6
Let x be ((-30)/(-4))/((-3)/(-4)). Let q(p) = -p**2 - 9*p + 6. Let b be q(-5). Suppose -8*h + b = -94. What is the highest common factor of x and h?
5
Let u = 25 - 43. Let r be ((-1)/(-3))/(2/u). Let z = 2 - r. What is the highest common factor of z and 5?
5
Let i = 366 - 312. Calculate the highest common divisor of 252 and i.
18
Let f(d) = d**2 - 3*d - 12. Let c(m) = -m**2 + 9*m - 8. Let r be c(7). Let q be f(r). What is the highest common divisor of 6 and q?
6
Let u(c) = 14*c**2 + 5*c + 9. Let g be ((-3)/(-6) - -2) + (-3)/(-2). Let s be u(g). Calculate the highest common factor of 23 and s.
23
Let z(p) = p**2 - 21*p + 59. Suppose -3*r + 5*r - 40 = 0. Let w be z(r). Calculate the highest common divisor of w and 13.
13
Let k(c) = 12*c**2 + 241*c + 44. Let a be k(-22). What is the greatest common factor of 75 and a?
25
Suppose -f - 55 = 3*k, -4*k + 230 = -5*f + 2*f. Let n = 90 - f. What is the greatest common divisor of 20 and n?
20
Let a be (-20)/(-6)*(-456)/(-10). Let k be a*(18/4 + -4). Let o = k - 50. What is the highest common divisor of 39 and o?
13
Let b(w) = -4*w - 1. Let y be 1*(-3)/(-2 + 5). Let x be b(y). Let r be (-324)/(-8) - x/2. What is the highest common factor of 26 and r?
13
Suppose -2*z = -2*h + 4, 60*z - 55*z = -2*h + 18. What is the highest common factor of z and 58?
2
Let u(g) = -2*g**3 - 13*g**2 - 35*g - 3. Let j be u(-6). What is the highest common factor of 45 and j?
9
Let t(u) = 3*u**2 - 14*u - 54. Let l be t(-4). Calculate the highest common factor of l and 425.
25
Let u(q) = 3*q + 3*q**2 + 2*q + 25 - 4*q - 7. Let m be u(6). What is the highest common divisor of m and 12?
12
Let j be 25/20 - 3/(-4). Calculate the highest common divisor of j and 17.
1
Let x(d) = -d**3 + 4*d**2 + 5*d + 3. Let v = 10 + -5. Let r be x(v). Suppose -12 = -r*h - h. Calculate the highest common factor of h and 9.
3
Let h(a) = -15*a**2 + 15*a - 91. Let i(p) = 7*p**2 - 8*p + 46. Let y(w) = 6*h(w) + 13*i(w). Let m be y(14). Calculate the highest common divisor of 130 and m.
26
Let x be (-2349)/(-36) - -1*(-2)/8. Let i = x - 55. What is the highest common factor of i and 10?
10
Let n be 16/(-2) - (-74 - 4). What is the highest common divisor of n and 120?
10
Suppose -18 = -g - 0*h - 3*h, 3*g = -3*h + 42. Calculate the highest common divisor of g and 324.
12
Suppose 163 = 3*z + s, -4*z - 38 = 5*s - 248. Calculate the greatest common divisor of 33 and z.
11
Suppose 467*c = 459*c + 7656. What is the greatest common factor of c and 33?
33
Suppose -4*p - 7 = 5*w - 42, -p - 4 = -3*w. Calculate the greatest common divisor of 348 and w.
3
Suppose 208*g = 206*g + 40. Let p be 35/g*4 - -1. Let z(o) = o + 64. Let t be z(0). Calculate the greatest common divisor of p and t.
8
Let a be ((-117)/(-12))/((-102)/(-2720)). Calculate the greatest common divisor of